{"id":824,"date":"2018-04-26T11:13:59","date_gmt":"2018-04-26T15:13:59","guid":{"rendered":"http:\/\/belisarioquevedo.gob.ec\/cotopaxi\/?page_id=824"},"modified":"2024-11-28T13:59:15","modified_gmt":"2024-11-28T17:59:15","slug":"documentos-importantes","status":"publish","type":"page","link":"https:\/\/belisarioquevedo.gob.ec\/cotopaxi\/documentos-importantes\/","title":{"rendered":"Biblioteca"},"content":{"rendered":"<h2><strong><a href=\"https:\/\/belisarioquevedo.gob.ec\/cotopaxi\/wp-content\/uploads\/2024\/09\/DPCPX-0033-2020.pdf\">DPCPX-0033-2020<\/a> <\/strong><\/h2>\n<h2><strong><a href=\"https:\/\/belisarioquevedo.gob.ec\/cotopaxi\/wp-content\/uploads\/2024\/09\/DPCPX-0013-2019.pdf\">DPCPX-0013-2019<\/a><\/strong><\/h2>\n<h2><a href=\"https:\/\/belisarioquevedo.gob.ec\/cotopaxi\/wp-content\/uploads\/2020\/08\/PARROQUIA-BELISARIO-QUEVEDO-PROPUESTA-PDOT.pdf\"><strong>\u00a0PROPUESTA ACTUALIZACION PDOT 2019-2023<\/strong><\/a><\/h2>\n<p><a href=\"https:\/\/belisarioquevedo.gob.ec\/cotopaxi\/wp-content\/uploads\/2024\/10\/1_12_ordenanza_creacion_parroquia_belisario_quevedo.pdf\">1_12_ordenanza_creacion_parroquia_belisario_quevedo<\/a><\/p>\n<p><a href=\"https:\/\/belisarioquevedo.gob.ec\/cotopaxi\/wp-content\/uploads\/2024\/10\/Codigo-del-Trabajo.pdf\">C\u00f3digo del Trabajo<\/a><\/p>\n<p><a href=\"https:\/\/belisarioquevedo.gob.ec\/cotopaxi\/wp-content\/uploads\/2024\/10\/Codigo-Organico-de-Organizacion-Territorial.pdf\">Codigo Organico de Organizacion Territorial<\/a><\/p>\n<p><a href=\"https:\/\/belisarioquevedo.gob.ec\/cotopaxi\/wp-content\/uploads\/2024\/10\/Codigo-Organico-de-Planificacion-y-Finanzas-Publicas-COPFP.pdf\">C\u00f3digo Org\u00e1nico de Planificaci\u00f3n y Finanzas P\u00fablicas, COPFP<\/a><\/p>\n<p><a href=\"https:\/\/belisarioquevedo.gob.ec\/cotopaxi\/wp-content\/uploads\/2024\/10\/Codigo-Organico-General-de-Procesos.pdf\">C\u00f3digo Org\u00e1nico General de Procesos<\/a><\/p>\n<p><a href=\"https:\/\/belisarioquevedo.gob.ec\/cotopaxi\/wp-content\/uploads\/2024\/10\/Codigo-Organico-Integral-Penal.pdf\">C\u00f3digo Org\u00e1nico Integral Penal<\/a><\/p>\n<p><a href=\"https:\/\/belisarioquevedo.gob.ec\/cotopaxi\/wp-content\/uploads\/2024\/10\/Codigo-Tributario.pdf\">C\u00f3digo Tributario<\/a><\/p>\n<p><a href=\"https:\/\/belisarioquevedo.gob.ec\/cotopaxi\/wp-content\/uploads\/2024\/10\/Constitucion-de-la-Republica-del-Ecuador.pdf\">Constitucion de la Republica del Ecuador<\/a><\/p>\n<p><a href=\"https:\/\/belisarioquevedo.gob.ec\/cotopaxi\/wp-content\/uploads\/2024\/10\/DPE-CGTAIP-2024-0214-O-directriz-ingreso-y-registro-informacion-PNTv2.0-1.pdf\">DPE-CGTAIP-2024-0214-O-directriz-ingreso-y-registro-informaci\u00f3n-PNTv2.0 (1)<\/a><\/p>\n<p><a href=\"https:\/\/belisarioquevedo.gob.ec\/cotopaxi\/wp-content\/uploads\/2024\/10\/Ley-Organica-de-Garantias-Jurisdiccionales-y-Control-Constitucional.pdf\">Ley Org\u00e1nica de Garant\u00edas Jurisdiccionales y Control Constitucional<\/a><\/p>\n<p><a href=\"https:\/\/belisarioquevedo.gob.ec\/cotopaxi\/wp-content\/uploads\/2024\/10\/Ley-Organica-de-la-Contraloria-General-del-Estado.pdf\">Ley Org\u00e1nica de la Contralor\u00eda General del Estado<\/a><\/p>\n<p><a href=\"https:\/\/belisarioquevedo.gob.ec\/cotopaxi\/wp-content\/uploads\/2024\/10\/Ley-Organica-de-Servicio-Publico-LOSEP.pdf\">Ley Org\u00e1nica de Servicio P\u00fablico, LOSEP<\/a><\/p>\n<p><a href=\"https:\/\/belisarioquevedo.gob.ec\/cotopaxi\/wp-content\/uploads\/2024\/10\/Ley-Organica-del-Sistema-Nacional-de-Contratacion-Publica.pdf\">Ley Org\u00e1nica del Sistema Nacional de Contrataci\u00f3n P\u00fablica<\/a><\/p>\n<p><a href=\"https:\/\/belisarioquevedo.gob.ec\/cotopaxi\/wp-content\/uploads\/2024\/10\/Reglamento-del-Codigo-Organico-de-Planificacion-y-Finanzas-Publicas.pdf\">Reglamento del C\u00f3digo Org\u00e1nico de Planificaci\u00f3n y Finanzas P\u00fablicas<\/a><\/p>\n<p><a href=\"https:\/\/belisarioquevedo.gob.ec\/cotopaxi\/wp-content\/uploads\/2024\/10\/Texto-Unificado-de-Legislacion-Secundaria-de-Medio-Ambiente.pdf\">Texto Unificado de Legislaci\u00f3n Secundaria de Medio Ambiente<\/a><\/p>\n<p><a href=\"https:\/\/belisarioquevedo.gob.ec\/cotopaxi\/wp-content\/uploads\/2024\/10\/Codigo-Organico-Administrativo.pdf\">Codigo Organico Administrativo<\/a><\/p>\n<p><a href=\"https:\/\/belisarioquevedo.gob.ec\/cotopaxi\/wp-content\/uploads\/2024\/10\/Estatuto-de-Regimen-Juridico-de-la-Administracion-de-la-Funcion-Ejecutiva.pdf\">Estatuto de R\u00e9gimen Jur\u00eddico de la Administraci\u00f3n de la Funci\u00f3n Ejecutiva<\/a><\/p>\n<p><a href=\"https:\/\/belisarioquevedo.gob.ec\/cotopaxi\/wp-content\/uploads\/2024\/10\/Ley-de-Seguridad-Social.pdf\">Ley de Seguridad Social<\/a><\/p>\n<p><a href=\"https:\/\/belisarioquevedo.gob.ec\/cotopaxi\/wp-content\/uploads\/2024\/10\/LEY-ORGANICA-DE-LAS-PERSONAS-ADULTAS-MAYORES.pdf\">LEY ORGANICA DE LAS PERSONAS ADULTAS MAYORES<\/a><\/p>\n<p><a href=\"https:\/\/belisarioquevedo.gob.ec\/cotopaxi\/wp-content\/uploads\/2024\/10\/Ley-Organica-de-la-Contraloria-General-del-Estado-1.pdf\">Ley-Org\u00e1nica-de-la-Contralor\u00eda-General-del-Estado<\/a><\/p>\n<p><a href=\"https:\/\/belisarioquevedo.gob.ec\/cotopaxi\/wp-content\/uploads\/2024\/10\/LEY-ORGANICA-TRANSPARENCIA-ACCESO-INFORMACION-PUBLICA_0.pdf\">LEY-ORG\u00c1NICA-TRANSPARENCIA-ACCESO-INFORMACI\u00d3N-P\u00daBLICA_0<\/a><\/p>\n<p><a href=\"https:\/\/belisarioquevedo.gob.ec\/cotopaxi\/wp-content\/uploads\/2024\/10\/Ley-Org-CPCCS.pdf\">Ley-Org-CPCCS<\/a><\/p>\n<p><a href=\"https:\/\/belisarioquevedo.gob.ec\/cotopaxi\/wp-content\/uploads\/2024\/10\/LOTAIP.pdf\">LOTAIP<\/a><\/p>\n<p><a href=\"https:\/\/belisarioquevedo.gob.ec\/cotopaxi\/wp-content\/uploads\/2024\/10\/reglamento-administracion-bienes.pdf\">reglamento administracion bienes<\/a><\/p>\n<p><a href=\"https:\/\/belisarioquevedo.gob.ec\/cotopaxi\/wp-content\/uploads\/2024\/10\/Reglamento-LOSEP.pdf\">Reglamento-LOSEP<\/a><\/p>\n<p><a href=\"https:\/\/belisarioquevedo.gob.ec\/cotopaxi\/wp-content\/uploads\/2024\/10\/REGLAMENTO-SUSTANCIACION-PROCESOS-CORTE-CONSTITUCIONAL.pdf\">REGLAMENTO-SUSTANCIACION-PROCESOS-CORTE-CONSTITUCIONAL<\/a><\/p>\n<p><a href=\"https:\/\/belisarioquevedo.gob.ec\/cotopaxi\/wp-content\/uploads\/2024\/10\/RGLOSNCP.pdf\">RGLOSNCP<\/a><\/p>\n<p><a href=\"https:\/\/belisarioquevedo.gob.ec\/cotopaxi\/wp-content\/uploads\/2024\/10\/Reglamento-de-la-Ley-Organica-de-la-Contraloria-General-del-Estado.pdf\">Reglamento de la Ley Org\u00e1nica de la Contralor\u00eda General del Estado<\/a><\/p>\n<h2><strong><a href=\"https:\/\/belisarioquevedo.gob.ec\/cotopaxi\/wp-content\/uploads\/2024\/10\/14.-PRODUCTO-FINAL-27-FEBRERO-GAD-BELISARIO-QUEVEDO.pdf\">14. PRODUCTO FINAL 27 FEBRERO GAD BELISARIO QUEVEDO<\/a><\/strong><\/h2>\n<p><a href=\"https:\/\/belisarioquevedo.gob.ec\/cotopaxi\/wp-content\/uploads\/2024\/10\/Presupuesto-inicial-2024.pdf\">Presupuesto inicial 2024<\/a><\/p>\n<p><a href=\"https:\/\/belisarioquevedo.gob.ec\/cotopaxi\/wp-content\/uploads\/2024\/10\/CEDULA-PRESUPUESTARIA-AL-30-DE-SEPTIEMBRE-DEL-2024.pdf\">CEDULA PRESUPUESTARIA AL 30 DE SEPTIEMBRE DEL 2024<\/a><\/p>\n<p><a href=\"https:\/\/belisarioquevedo.gob.ec\/cotopaxi\/wp-content\/uploads\/2024\/11\/CEDULA-PRESUPUESTARIA-INGRESOS-GASTOS-OCTUBRE-2024.pdf\">CEDULA PRESUPUESTARIA INGRESOS-GASTOS OCTUBRE 2024<\/a><\/p>\n","protected":false},"excerpt":{"rendered":"<p>DPCPX-0033-2020 DPCPX-0013-2019 \u00a0PROPUESTA ACTUALIZACION PDOT 2019-2023 1_12_ordenanza_creacion_parroquia_belisario_quevedo C\u00f3digo del Trabajo Codigo Organico de Organizacion Territorial C\u00f3digo Org\u00e1nico de Planificaci\u00f3n y Finanzas P\u00fablicas, COPFP C\u00f3digo Org\u00e1nico General de Procesos C\u00f3digo Org\u00e1nico Integral Penal C\u00f3digo Tributario Constitucion de la Republica del Ecuador DPE-CGTAIP-2024-0214-O-directriz-ingreso-y-registro-informaci\u00f3n-PNTv2.0 (1) Ley Org\u00e1nica de Garant\u00edas Jurisdiccionales y Control Constitucional Ley Org\u00e1nica de la Contralor\u00eda [&hellip;]<\/p>\n","protected":false},"author":2,"featured_media":0,"parent":0,"menu_order":0,"comment_status":"closed","ping_status":"closed","template":"","meta":{"footnotes":""},"class_list":["post-824","page","type-page","status-publish","hentry"],"yoast_head":"<!-- This site is optimized with the Yoast SEO plugin v27.6 - https:\/\/yoast.com\/product\/yoast-seo-wordpress\/ -->\n<title>Biblioteca - GAD Parroquial de Belisario Quevedo<\/title>\n<meta name=\"robots\" content=\"index, follow, max-snippet:-1, max-image-preview:large, max-video-preview:-1\" \/>\n<link rel=\"canonical\" href=\"https:\/\/belisarioquevedo.gob.ec\/cotopaxi\/documentos-importantes\/\" \/>\n<meta property=\"og:locale\" content=\"es_ES\" \/>\n<meta property=\"og:type\" content=\"article\" \/>\n<meta property=\"og:title\" content=\"Biblioteca - GAD Parroquial de Belisario Quevedo\" \/>\n<meta property=\"og:description\" content=\"DPCPX-0033-2020 DPCPX-0013-2019 \u00a0PROPUESTA ACTUALIZACION PDOT 2019-2023 1_12_ordenanza_creacion_parroquia_belisario_quevedo C\u00f3digo del Trabajo Codigo Organico de Organizacion Territorial C\u00f3digo Org\u00e1nico de Planificaci\u00f3n y Finanzas P\u00fablicas, COPFP C\u00f3digo Org\u00e1nico General de Procesos C\u00f3digo Org\u00e1nico Integral Penal C\u00f3digo Tributario Constitucion de la Republica del Ecuador DPE-CGTAIP-2024-0214-O-directriz-ingreso-y-registro-informaci\u00f3n-PNTv2.0 (1) Ley Org\u00e1nica de Garant\u00edas Jurisdiccionales y Control Constitucional Ley Org\u00e1nica de la Contralor\u00eda [&hellip;]\" \/>\n<meta property=\"og:url\" content=\"https:\/\/belisarioquevedo.gob.ec\/cotopaxi\/documentos-importantes\/\" \/>\n<meta property=\"og:site_name\" content=\"GAD Parroquial de Belisario Quevedo\" \/>\n<meta property=\"article:modified_time\" content=\"2024-11-28T17:59:15+00:00\" \/>\n<meta name=\"twitter:card\" content=\"summary_large_image\" \/>\n<meta name=\"twitter:label1\" content=\"Tiempo de lectura\" \/>\n\t<meta name=\"twitter:data1\" content=\"1 minuto\" \/>\n<script type=\"application\/ld+json\" class=\"yoast-schema-graph\">{\"@context\":\"https:\\\/\\\/schema.org\",\"@graph\":[{\"@type\":\"WebPage\",\"@id\":\"https:\\\/\\\/belisarioquevedo.gob.ec\\\/cotopaxi\\\/documentos-importantes\\\/\",\"url\":\"https:\\\/\\\/belisarioquevedo.gob.ec\\\/cotopaxi\\\/documentos-importantes\\\/\",\"name\":\"Biblioteca - GAD Parroquial de Belisario Quevedo\",\"isPartOf\":{\"@id\":\"https:\\\/\\\/belisarioquevedo.gob.ec\\\/cotopaxi\\\/#website\"},\"datePublished\":\"2018-04-26T15:13:59+00:00\",\"dateModified\":\"2024-11-28T17:59:15+00:00\",\"breadcrumb\":{\"@id\":\"https:\\\/\\\/belisarioquevedo.gob.ec\\\/cotopaxi\\\/documentos-importantes\\\/#breadcrumb\"},\"inLanguage\":\"es\",\"potentialAction\":[{\"@type\":\"ReadAction\",\"target\":[\"https:\\\/\\\/belisarioquevedo.gob.ec\\\/cotopaxi\\\/documentos-importantes\\\/\"]}]},{\"@type\":\"BreadcrumbList\",\"@id\":\"https:\\\/\\\/belisarioquevedo.gob.ec\\\/cotopaxi\\\/documentos-importantes\\\/#breadcrumb\",\"itemListElement\":[{\"@type\":\"ListItem\",\"position\":1,\"name\":\"Home\",\"item\":\"https:\\\/\\\/belisarioquevedo.gob.ec\\\/cotopaxi\\\/\"},{\"@type\":\"ListItem\",\"position\":2,\"name\":\"Biblioteca\"}]},{\"@type\":\"WebSite\",\"@id\":\"https:\\\/\\\/belisarioquevedo.gob.ec\\\/cotopaxi\\\/#website\",\"url\":\"https:\\\/\\\/belisarioquevedo.gob.ec\\\/cotopaxi\\\/\",\"name\":\"GAD Parroquial de Belisario Quevedo Cotopaxi\",\"description\":\"Sitio Oficial del GAD Parroquial de Belisario Quevedo Cotopaxi\",\"publisher\":{\"@id\":\"https:\\\/\\\/belisarioquevedo.gob.ec\\\/cotopaxi\\\/#organization\"},\"potentialAction\":[{\"@type\":\"SearchAction\",\"target\":{\"@type\":\"EntryPoint\",\"urlTemplate\":\"https:\\\/\\\/belisarioquevedo.gob.ec\\\/cotopaxi\\\/?s={search_term_string}\"},\"query-input\":{\"@type\":\"PropertyValueSpecification\",\"valueRequired\":true,\"valueName\":\"search_term_string\"}}],\"inLanguage\":\"es\"},{\"@type\":\"Organization\",\"@id\":\"https:\\\/\\\/belisarioquevedo.gob.ec\\\/cotopaxi\\\/#organization\",\"name\":\"GAD Parroquial de Belisario Quevedo\",\"url\":\"https:\\\/\\\/belisarioquevedo.gob.ec\\\/cotopaxi\\\/\",\"logo\":{\"@type\":\"ImageObject\",\"inLanguage\":\"es\",\"@id\":\"https:\\\/\\\/belisarioquevedo.gob.ec\\\/cotopaxi\\\/#\\\/schema\\\/logo\\\/image\\\/\",\"url\":\"https:\\\/\\\/belisarioquevedo.gob.ec\\\/cotopaxi\\\/wp-content\\\/uploads\\\/2020\\\/06\\\/11058781_178345179182575_1589893844186805556_o.jpg\",\"contentUrl\":\"https:\\\/\\\/belisarioquevedo.gob.ec\\\/cotopaxi\\\/wp-content\\\/uploads\\\/2020\\\/06\\\/11058781_178345179182575_1589893844186805556_o.jpg\",\"width\":1425,\"height\":595,\"caption\":\"GAD Parroquial de Belisario Quevedo\"},\"image\":{\"@id\":\"https:\\\/\\\/belisarioquevedo.gob.ec\\\/cotopaxi\\\/#\\\/schema\\\/logo\\\/image\\\/\"}}]}<\/script>\n<!-- \/ Yoast SEO plugin. -->","yoast_head_json":{"title":"Biblioteca - GAD Parroquial de Belisario Quevedo","robots":{"index":"index","follow":"follow","max-snippet":"max-snippet:-1","max-image-preview":"max-image-preview:large","max-video-preview":"max-video-preview:-1"},"canonical":"https:\/\/belisarioquevedo.gob.ec\/cotopaxi\/documentos-importantes\/","og_locale":"es_ES","og_type":"article","og_title":"Biblioteca - GAD Parroquial de Belisario Quevedo","og_description":"DPCPX-0033-2020 DPCPX-0013-2019 \u00a0PROPUESTA ACTUALIZACION PDOT 2019-2023 1_12_ordenanza_creacion_parroquia_belisario_quevedo C\u00f3digo del Trabajo Codigo Organico de Organizacion Territorial C\u00f3digo Org\u00e1nico de Planificaci\u00f3n y Finanzas P\u00fablicas, COPFP C\u00f3digo Org\u00e1nico General de Procesos C\u00f3digo Org\u00e1nico Integral Penal C\u00f3digo Tributario Constitucion de la Republica del Ecuador DPE-CGTAIP-2024-0214-O-directriz-ingreso-y-registro-informaci\u00f3n-PNTv2.0 (1) Ley Org\u00e1nica de Garant\u00edas Jurisdiccionales y Control Constitucional Ley Org\u00e1nica de la Contralor\u00eda [&hellip;]","og_url":"https:\/\/belisarioquevedo.gob.ec\/cotopaxi\/documentos-importantes\/","og_site_name":"GAD Parroquial de Belisario Quevedo","article_modified_time":"2024-11-28T17:59:15+00:00","twitter_card":"summary_large_image","twitter_misc":{"Tiempo de lectura":"1 minuto"},"schema":{"@context":"https:\/\/schema.org","@graph":[{"@type":"WebPage","@id":"https:\/\/belisarioquevedo.gob.ec\/cotopaxi\/documentos-importantes\/","url":"https:\/\/belisarioquevedo.gob.ec\/cotopaxi\/documentos-importantes\/","name":"Biblioteca - GAD Parroquial de Belisario Quevedo","isPartOf":{"@id":"https:\/\/belisarioquevedo.gob.ec\/cotopaxi\/#website"},"datePublished":"2018-04-26T15:13:59+00:00","dateModified":"2024-11-28T17:59:15+00:00","breadcrumb":{"@id":"https:\/\/belisarioquevedo.gob.ec\/cotopaxi\/documentos-importantes\/#breadcrumb"},"inLanguage":"es","potentialAction":[{"@type":"ReadAction","target":["https:\/\/belisarioquevedo.gob.ec\/cotopaxi\/documentos-importantes\/"]}]},{"@type":"BreadcrumbList","@id":"https:\/\/belisarioquevedo.gob.ec\/cotopaxi\/documentos-importantes\/#breadcrumb","itemListElement":[{"@type":"ListItem","position":1,"name":"Home","item":"https:\/\/belisarioquevedo.gob.ec\/cotopaxi\/"},{"@type":"ListItem","position":2,"name":"Biblioteca"}]},{"@type":"WebSite","@id":"https:\/\/belisarioquevedo.gob.ec\/cotopaxi\/#website","url":"https:\/\/belisarioquevedo.gob.ec\/cotopaxi\/","name":"GAD Parroquial de Belisario Quevedo Cotopaxi","description":"Sitio Oficial del GAD Parroquial de Belisario Quevedo Cotopaxi","publisher":{"@id":"https:\/\/belisarioquevedo.gob.ec\/cotopaxi\/#organization"},"potentialAction":[{"@type":"SearchAction","target":{"@type":"EntryPoint","urlTemplate":"https:\/\/belisarioquevedo.gob.ec\/cotopaxi\/?s={search_term_string}"},"query-input":{"@type":"PropertyValueSpecification","valueRequired":true,"valueName":"search_term_string"}}],"inLanguage":"es"},{"@type":"Organization","@id":"https:\/\/belisarioquevedo.gob.ec\/cotopaxi\/#organization","name":"GAD Parroquial de Belisario Quevedo","url":"https:\/\/belisarioquevedo.gob.ec\/cotopaxi\/","logo":{"@type":"ImageObject","inLanguage":"es","@id":"https:\/\/belisarioquevedo.gob.ec\/cotopaxi\/#\/schema\/logo\/image\/","url":"https:\/\/belisarioquevedo.gob.ec\/cotopaxi\/wp-content\/uploads\/2020\/06\/11058781_178345179182575_1589893844186805556_o.jpg","contentUrl":"https:\/\/belisarioquevedo.gob.ec\/cotopaxi\/wp-content\/uploads\/2020\/06\/11058781_178345179182575_1589893844186805556_o.jpg","width":1425,"height":595,"caption":"GAD Parroquial de Belisario Quevedo"},"image":{"@id":"https:\/\/belisarioquevedo.gob.ec\/cotopaxi\/#\/schema\/logo\/image\/"}}]}},"_links":{"self":[{"href":"https:\/\/belisarioquevedo.gob.ec\/cotopaxi\/wp-json\/wp\/v2\/pages\/824","targetHints":{"allow":["GET"]}}],"collection":[{"href":"https:\/\/belisarioquevedo.gob.ec\/cotopaxi\/wp-json\/wp\/v2\/pages"}],"about":[{"href":"https:\/\/belisarioquevedo.gob.ec\/cotopaxi\/wp-json\/wp\/v2\/types\/page"}],"author":[{"embeddable":true,"href":"https:\/\/belisarioquevedo.gob.ec\/cotopaxi\/wp-json\/wp\/v2\/users\/2"}],"replies":[{"embeddable":true,"href":"https:\/\/belisarioquevedo.gob.ec\/cotopaxi\/wp-json\/wp\/v2\/comments?post=824"}],"version-history":[{"count":11,"href":"https:\/\/belisarioquevedo.gob.ec\/cotopaxi\/wp-json\/wp\/v2\/pages\/824\/revisions"}],"predecessor-version":[{"id":4470,"href":"https:\/\/belisarioquevedo.gob.ec\/cotopaxi\/wp-json\/wp\/v2\/pages\/824\/revisions\/4470"}],"wp:attachment":[{"href":"https:\/\/belisarioquevedo.gob.ec\/cotopaxi\/wp-json\/wp\/v2\/media?parent=824"}],"curies":[{"name":"wp","href":"https:\/\/api.w.org\/{rel}","templated":true}]}}